e remainder when 21 is divided by o.
5
Let d(x) = 5*x**2 - 3*x + 1. Suppose p = -5*h - 6, 0 = -p - 2*p - 2*h + 34. Calculate the remainder when d(-3) is divided by p.
13
Calculate the remainder when (53/(-3))/((-4)/24) is divided by 55.
51
Suppose 0 = -2*t - 3*w - 5, 41 = -4*t + 2*w + 7. Let n(f) = -f**2 - 8*f + 6. What is the remainder when 48 is divided by n(t)?
9
Let s(w) = -w**3 + 11*w**2 - 9*w - 5. Let o be 164/16 - 2/8. Let j be s(o). Suppose 0 = b - 3 - j. What is the remainder when 22 is divided by b?
6
Suppose x - 13 = 2. What is the remainder when 28 is divided by x?
13
Suppose 7 = 4*i - 9, -4*g + 56 = -4*i. Suppose 5*l - 3 = 2. What is the remainder when g is divided by 5 - (0 - (3 - l))?
4
Suppose 0*a - 5*a = -20. Suppose 5*r - 131 = -0*q - a*q, q - 29 = -5*r. Calculate the remainder when q is divided by 9.
7
Let j(w) = -10*w - 6. Let f be j(9). Let k = -44 - f. Let c = k - 36. Calculate the remainder when 47 is divided by c.
15
Suppose -h + 6*h = 35. Let u = 34 - 9. What is the remainder when u is divided by h?
4
Suppose -2*l + 2 = -34. Calculate the remainder when 51 is divided by l.
15
Suppose -6*k + 5 = -5*k. Let h = 7 - k. Calculate the remainder when 10 is divided by 15/h*(-12)/(-15).
4
Suppose -n + 1 = -34. Suppose -3*t - 2*y + 18 + 15 = 0, -4*t + 21 = -5*y. What is the remainder when n is divided by t?
8
Let t(b) = -b**2 + 6*b - 1. Calculate the remainder when t(4) is divided by 5.
2
Let l(u) = -u**2 - 9*u - 3. Let g = 14 + -22. Calculate the remainder when l(g) is divided by 4.
1
Suppose -2*q + 54 = 2*v, 4*q = 3*v - 0*v - 116. Let t = 388 + -377. What is the remainder when v is divided by t?
10
Let b(m) = m**2 - 2*m + 3. What is the remainder when b(11) is divided by 15?
12
Let m = -3 - -1. What is the remainder when (m*4 - -1)*-1 is divided by 2?
1
Let k(r) = -r**3 - 12*r**2 + 9*r - 9. What is the remainder when k(-13) is divided by 11?
10
Let j(q) = q**2 + q - 20. Let w(b) = b + 1. Calculate the remainder when j(-6) is divided by w(2).
1
Calculate the remainder when 1 - -1*(7 + -1) is divided by 3.
1
Suppose -4 = -t + 2. Suppose -2*a = 5*w - 143, -2*w + 4*w - 2*a - 46 = 0. Calculate the remainder when w is divided by t.
3
Let s = 4 - 4. Suppose i = a + 2, 0 = i - 0*i - 2. Suppose -2*m + s + 42 = a. Calculate the remainder when m is divided by 6.
3
Let c(p) = 16*p + 2. Let t be c(4). Suppose 3*r = -0*l - 3*l + t, r + 4*l = 31. Calculate the remainder when 6/7*(r + -5) is divided by 7.
5
Let u = 121 - 90. Calculate the remainder when 308 is divided by u.
29
Let w(v) = -v + 2. Suppose 141 = 5*h - l, l + 29 = h - 0*h. What is the remainder when h is divided by w(-8)?
8
Suppose 2*n + 147 + 32 = -5*q, 0 = -q + 5*n - 52. Let a = -17 - q. Suppose 3*s + 14 = 2*f + 178, -237 = -4*s - f. What is the remainder when s is divided by a?
18
Calculate the remainder when 2/8*2*76 is divided by 13.
12
Suppose -301 = -4*l - a, -2*l - 3*l = 5*a - 365. Let q = 15 - -11. What is the remainder when l is divided by q?
24
What is the remainder when (-1092)/(-20) + 2/5 is divided by 19?
17
Suppose 0*t = -5*t - 2*r + 184, 5*t - 5*r = 170. Calculate the remainder when t is divided by 21.
15
What is the remainder when 75 is divided by 0 + 2 - (-28 - (-2 - -1))?
17
Suppose 62 = -p + 5*p - y, -3*y = p - 9. Let a(i) = i**2 + 6*i + 3. Let l be a(-6). Suppose 52 = l*o - 77. Calculate the remainder when o is divided by p.
13
Let q = 150 + -84. Suppose -2*t - 5*p + 14 = -1, -4*t + q = -2*p. What is the remainder when 43 is divided by t?
13
Let w be 12/(-8) - (-100)/8. Suppose 3*u + 120 = -2*u. Let g = w - u. Calculate the remainder when g is divided by 9.
8
Let x = 18 + -7. Calculate the remainder when 31 is divided by x.
9
Suppose 3*k - 7*k = -8. Let c(n) be the third derivative of n**5/60 + 5*n**4/12 + n**3/6 + 2*n**2. Calculate the remainder when k is divided by c(-10).
0
What is the remainder when 70 is divided by 12/((-4)/6 + 14/12)?
22
Calculate the remainder when (0 + 7)/((-1)/5)*-1 is divided by 14.
7
Let g(z) = z**2 + 6*z - 5. Let n be g(4). Suppose -4*t + n = -41. Calculate the remainder when t is divided by 10.
9
Let m(z) = z**2 - 2*z - 15. What is the remainder when m(-8) is divided by 14?
9
Suppose d - 30 = 3*d. Let m be (d/(-20))/(1/4). Suppose 5*c + 66 = q - 0*c, m*c + 196 = 4*q. Calculate the remainder when q is divided by 12.
10
Let j(x) = x - 3*x + x - 6 - x. Calculate the remainder when j(-4) is divided by 2.
0
Let r = -776 + 524. Let s be r/(-16)*(-8)/(-3). Suppose -2*h + 3*t + 24 = 0, -t + 4 = -4*h + s. Calculate the remainder when 16 is divided by h.
7
Calculate the remainder when (0 - 1)/(11/(-22)) is divided by 2.
0
Let o = 22 + -45. Let w = -15 - o. Suppose 2*h - 10 = t, t = 2*t. What is the remainder when w is divided by h?
3
Let u(o) be the second derivative of -o**3/2 + 3*o. What is the remainder when 4 is divided by u(-1)?
1
Let m(y) = y**2 - 7*y + 10. Calculate the remainder when m(10) is divided by 14.
12
Let y = -3 - 0. Let j = y + 8. Suppose j*t - 6*t + 22 = 0. What is the remainder when t is divided by 12?
10
Let k be 3 + 3 + -2 - 1. Let r = k - 2. Let h = 0 + 2. Calculate the remainder when h is divided by r.
0
Suppose 0 = 5*u - 4 - 16. Let k be (3 - 12)*(-1)/3. Suppose -4*r - c = -48, -11 = k*r + 5*c - 64. Calculate the remainder when r is divided by u.
3
Let d(u) = 5*u**2 + 5*u - 3 - u + 0 - u**3. Suppose 6 = -3*l + 24. What is the remainder when d(5) is divided by l?
5
What is the remainder when (-20)/3*558/(-12) is divided by 24?
22
Let s = 5 - -28. Calculate the remainder when s is divided by 17.
16
Calculate the remainder when -3 + (2*-9)/(-2) is divided by 2.
0
Let x(m) be the second derivative of -11/2*m**2 - 3*m - 7/6*m**3 + 0. What is the remainder when x(-9) is divided by 18?
16
Suppose -5*p = -5*n - 210, -7*p + 3*p = 5*n - 159. Let w = p + -105. What is the remainder when 10 is divided by (-4)/10 + w/(-10)?
4
Let t = 1 + 1. Suppose t*w + 10 = 7*w. Calculate the remainder when 47 is divided by (-50)/(-4) + w/(-4).
11
Suppose -y = a + 2 - 5, 0 = 3*a. Suppose -y = -2*q + 3, -4*t - 5*q + 39 = 0. What is the remainder when t is divided by 2?
0
Suppose -2*o + 124 = -0*s + 2*s, -3*s + 174 = -o. Suppose 0 = 2*p + 8, -i + 5*p - p + 31 = 0. What is the remainder when s is divided by i?
14
Let n be (-52)/14 + 4/(-14). Suppose -6*a = -2*a - 2*m - 2, 3*a + 2*m = -2. Let i = a - n. What is the remainder when 7 is divided by i?
3
Calculate the remainder when 11 is divided by (-6)/3 + -1 + 6.
2
Let o(q) = -q**2 - 5*q - 1. Let k be o(-4). Suppose -w + b + 3 = 0, 0*w + k*w = -4*b + 30. What is the remainder when 17 is divided by w?
5
Let w = -17 - -62. Let r = -8 - -35. What is the remainder when r is divided by -25*-3*6/w?
7
Let z be 155/10 + 1/(-2). Let d = 25 - z. What is the remainder when 28 is divided by d?
8
Suppose -3*w + 2*a = -130, w + 4*a + 50 = 2*w. Calculate the remainder when w is divided by 6/(-8)*(4 + -24).
12
Let d = 54 - 26. Suppose -d = -2*z - 0*z. Calculate the remainder when 27 is divided by z.
13
Let z(w) = -4*w + 5*w - 10 - 6*w. Calculate the remainder when z(-9) is divided by 9.
8
Suppose 46 = 4*z - 2*z. Calculate the remainder when 44 is divided by z.
21
Suppose 4 = 3*i - 5*i. Calculate the remainder when (-724)/(-24) + i/12 is divided by 16.
14
Suppose -3*y = 2 - 8. Suppose 6 = 5*t - y*t. Let s(j) = 4*j**3 + 2*j**2 + 1. What is the remainder when s(t) is divided by 11?
8
Let q(w) = w**2 + 3*w - 2. Let m be q(1). Suppose m*s + 0*s - 22 = 0. Calculate the remainder when s is divided by 3.
2
Let r(v) = 7*v**2 - 2*v - 1. What is the remainder when r(2) is divided by 8?
7
Suppose -5*q + 5*b = -5, -2*q = 5*b + 1 - 10. Suppose -6*m = -q*m - 92. What is the remainder when 68 is divided by m?
22
Let g(f) = -f - 7. Let b be g(-6). What is the remainder when ((-37)/(1/b))/1 is divided by 13?
11
Let w(s) = 19*s**2 + 3*s - 2. Calculate the remainder when 39 is divided by w(1).
19
Let w(r) = 3*r - 1. Let j be w(-2). Let h = 10 - j. Calculate the remainder when 50 is divided by h.
16
Suppose -5*k = 5, 0 = -5*n - 3*k - 2*k + 35. Let t = -25 - -43. Let r = t - -5. What is the remainder when r is divided by n?
7
Let w(r) = r**2 + 2*r + 5. Let y be w(-4). Suppose -4*b + y = -11. Suppose -6 = -2*p + 2*z, -z - 15 = -3*